 = 44 - 49. Let b(n) = 3*n**2 + 4*n - 1. Let o be b(q). Suppose -2*g = -76 + 4. What is the highest common divisor of g and o?
18
Let j be (-1)/(-4) + 39/(-12) + 0. Let n be (1*j/(-5))/((-3)/(-15)). What is the highest common factor of n and 132?
3
Let g = 725 + -473. Suppose -4*i - 3*z + g = 0, -4*i - i = 4*z - 314. What is the greatest common factor of 165 and i?
33
Suppose -24*j = -892 - 11656 - 32188. What is the highest common factor of 8 and j?
8
Let j be ((-14)/4)/((-118)/(-118))*(-272)/7. Let z be (-4)/(-10)*(-2 - -87). Calculate the highest common factor of z and j.
34
Suppose -22 = 6*t + 2. Let q be t + 0 - -1 - (3 + -100). Calculate the highest common factor of q and 141.
47
Let v(t) = -t**3 + 5*t**2 + 9*t - 4. Let x be v(7). Let q = -529 + 595. Let h = x + q. Calculate the highest common divisor of 18 and h.
9
Suppose -8*w + 546 + 286 = 0. Suppose -w + 294 = q. Calculate the highest common factor of q and 57.
19
Let f be (3/6)/(1/14). Suppose -2*l = f - 19. Let g(w) = -w**3 + 25*w**2 + 4*w - 97. Let q be g(25). What is the highest common divisor of q and l?
3
Let m(s) = s**3 + 22*s**2 + 7. Let i be m(-22). Let v(j) = j**2 + 13*j + 4. Let t be v(i). Calculate the greatest common divisor of 18 and t.
18
Suppose 2*s + 5*f = 35, 3*s - 230 + 173 = -3*f. What is the highest common factor of 548 and s?
4
Suppose -141*i - 183*i = -12988836. Calculate the greatest common divisor of 161 and i.
161
Let n be (-4032)/8*(-35)/70. Calculate the greatest common factor of n and 11214.
126
Suppose -2*p + 5*l + 3355 = 0, -62*l = p - 61*l - 1660. Calculate the greatest common divisor of 360 and p.
45
Let n = -49 + 53. Suppose -4*t = -0*x - x + 4, 16 = n*t. Suppose 0 = -y - 4*z - 1 + x, 0 = 5*y - 5*z - 95. What is the greatest common divisor of 76 and y?
19
Suppose 175*v = 58*v + 48*v + 4347. Let l be -1 + (-1 - (-1 - 37)). Let n be ((-3)/2)/((-3)/l). Calculate the highest common factor of n and v.
9
Let a be (3 + -2)/(-1) - -50. Let b(w) = w**2 + 18*w + 39. Let i be 12/18 - 100/6. Let l be b(i). Calculate the greatest common divisor of l and a.
7
Let q = 46 + -58. Let r be (189/(-14))/(2/q). Let c = 10 + -1. What is the greatest common divisor of r and c?
9
Let n(v) = 20*v**2 + 139*v + 387. Let p be n(-3). Calculate the greatest common divisor of p and 35.
5
Let v be (1/(-2) + 0)*-208. Let d = 764888 + -764823. Calculate the greatest common divisor of d and v.
13
Suppose -156 = -2*l + 6*l. Let c = -36 - l. Let s be 14/4 - c/(-6). Calculate the greatest common factor of 44 and s.
4
Let k = 5244 - 1251. Calculate the greatest common divisor of 33 and k.
33
Let i(m) = -11*m. Let t be i(-2). Let s be (-34)/8*t*-4. Suppose 23*l + 664 = 1446. Calculate the greatest common divisor of l and s.
34
Let d be (-12 - (-510)/45)*-627. Calculate the greatest common divisor of 38 and d.
38
Suppose -22*d - 18676 + 51648 = -19388. What is the greatest common divisor of 56 and d?
28
Let h be 1*(-6)/(-30) - (-1719)/5. Suppose 0 = -h*v + 338*v + 1566. What is the greatest common factor of 29 and v?
29
Let s(l) = 8*l + 10. Let w be -2 + (6 + -4 - 0). Suppose w = a + 7*a - 16. Let t be s(a). What is the greatest common divisor of t and 13?
13
Let s be (-11)/(-121) - ((-8557)/11 + (8 - 6)). Calculate the greatest common factor of s and 32.
8
Suppose 4*m = 5*x - 300, 133 = x + 3*m + 73. What is the highest common divisor of x and 1212?
12
Let b = 940 + -905. Let s = -3 + 17. Calculate the greatest common factor of b and s.
7
Let k(q) = -642*q + 1298. Let j be k(2). Calculate the highest common divisor of 42 and j.
14
Let z = -13931 + 13992. What is the greatest common factor of 10065 and z?
61
Let k = 20098 + -19675. What is the highest common divisor of k and 180?
9
Suppose 0 = -84*i - 26*i - 21*i + 91700. What is the greatest common divisor of 1900 and i?
100
Suppose -5*m - 3 = a, 5*a - 3*a = 4*m + 50. Let y be (2 + -2 - 3) + (0 - 46). Let o be 24 + (y/(-7) - 14). Calculate the greatest common factor of o and a.
17
Let p be (12/9)/(147/236376). Calculate the greatest common factor of 416 and p.
32
Suppose 722 = 4*w - 5*s, 5*w + 0*s - 898 = 4*s. Let o = w - 493. Let n be (27/6)/(o/160 - -2). Calculate the highest common divisor of n and 9.
9
Suppose -j + 2 = 4*r + 1, 2 = 2*j. Let i be (4/(-6) + r)*-156. Let p be (-4)/(-20)*-2 - i/(-10). Calculate the highest common factor of 70 and p.
10
Suppose -4*a - 4*t - 140 = 0, 5*t - t = a + 35. Let l = 83 + a. Suppose z - 2*z + 26 = -2*x, -51 = -2*z + 3*x. What is the highest common factor of z and l?
24
Let a = -83 - -89. Suppose 12*n - a*n = 924. Suppose n = z - 0*z + 2*l, 2*z = -2*l + 308. Calculate the greatest common divisor of z and 14.
14
Suppose 12*h - 12 = 8*h. Suppose h*r - 162 = r. Let g = -8 + 26. What is the highest common factor of r and g?
9
Suppose -8*s = -42 + 2. Suppose 13 = -s*w + 108. Let k(x) = 133*x**2 + x - 1. Let y be k(1). What is the greatest common divisor of w and y?
19
Suppose 0 = -42*l + 43*l - 5. Suppose -l*t = -v - 117, 4*v = v + 5*t - 331. Let y = v + 206. What is the greatest common factor of 9 and y?
9
Let g(k) = 348*k**2 - 43*k - 125. Let p be g(-3). Calculate the greatest common factor of p and 147.
49
Suppose 4*d + 6 = -3*i, 0*i - 7 = -d - 5*i. Let o(n) = -n**2 + 9*n + 12. Let k be o(9). Let z = k + d. Calculate the highest common divisor of z and 27.
9
Suppose 0 = -2*o + 7*o - 165. Let z(l) = l**3 - 19*l**2 + 19*l - 26. Let m be z(18). Let d be (-12)/m*(-1 + 3). Calculate the greatest common factor of d and o.
3
Let t = -5833 - -7543. What is the highest common divisor of t and 81?
9
Suppose -12*n - 20027 = 37*n - 118076. Calculate the greatest common factor of 957 and n.
87
Let n be (-3)/(-24) - (-9)/(-24)*67. Let m be 18/(-15)*n/(-20)*-22. What is the highest common divisor of 55 and m?
11
Let s(p) = 15 - 15 + p. Let a be s(10). Let j = a - 9. What is the greatest common divisor of j and 5?
1
Let h = 8641 + -8627. What is the greatest common factor of 553 and h?
7
Let q be (-8 + -1)*(0 - 7/(-21)). Let x be (0 - (2 - 1)) + q + 4. Let h be (-4)/6*-36 - x. Calculate the greatest common factor of h and 36.
12
Let p(f) = f + 103. Let k be p(-43). Let r = -48 + 88. What is the greatest common factor of k and r?
20
Let w(u) = u**2 + 112*u - 728. Let t be w(7). Calculate the greatest common factor of 385 and t.
35
Let b(y) = 8*y + 76. Let d(u) = 7*u + 74. Let z(o) = 2*b(o) - 3*d(o). Let c be z(-15). What is the highest common factor of c and 115?
5
Suppose 10*l = 20*l - 1110. Suppose 2*z - 58 = -0*z + 2*y, 3*y + l = 4*z. Calculate the greatest common factor of z and 96.
24
Let j(f) = 230*f**2 - 110*f + 58. Let n be j(-5). What is the greatest common factor of 44 and n?
22
Suppose 0 = -4*t - 8, 4*h + h + 3*t - 79 = 0. Let y be ((-36)/18)/((-4)/442). What is the greatest common factor of y and h?
17
Suppose 2*k - 4*k + 10670 = 4*o, -16029 = -3*k + 2*o. Calculate the greatest common factor of 49 and k.
49
Let m = 212 - 161. Let j = m - 48. Let p = -25 + 28. What is the greatest common divisor of p and j?
3
Let r be (-6)/(-48) - ((-1314570)/(-16))/(-3). What is the highest common divisor of 153 and r?
153
Let f be (-10556)/(-22) + (-24)/(-132). Let c = f + -450. Calculate the highest common divisor of c and 195.
15
Suppose -130 = -11*n + 409. Suppose -f = 5*y - n, 4*f - 5*f + 58 = -4*y. Calculate the greatest common divisor of f and 9.
9
Let l(c) = 15*c + 50. Let x be l(-3). Suppose -x*q = 3*u - 149, 0*q = -2*q - 5*u + 71. What is the highest common divisor of 8 and q?
4
Let k = 3699 + -3457. What is the greatest common divisor of k and 6897?
121
Let f = 7491 - 7246. Let n = 4 - 9. Let r be 2 + n - -5 - -96. What is the highest common factor of r and f?
49
Let s be 6/(-4)*(-866272)/552. Calculate the greatest common divisor of 22 and s.
22
Suppose 8*u + 12*u - 5*u = 1620. Let d = -7 - -7. Suppose d = i + i - 24. Calculate the greatest common factor of i and u.
12
Let q(j) = 273*j - 22622. Let b be q(83). Suppose 3*i - 1195 = -196. What is the highest common factor of i and b?
37
Suppose 2848*q - 2898*q = -1800. What is the greatest common factor of 2988 and q?
36
Suppose -5*c = -16934 - 6746. Suppose 18*w + c = 16814. What is the greatest common factor of w and 61?
61
Let m = -1028 + 1059. What is the